False
Is 27953 composite?
False
Is 44909 a composite number?
False
Is 468163 a prime number?
False
Is 827581 a composite number?
False
Is 108497 a prime number?
True
Is 24573 composite?
True
Is 278741 a prime number?
True
Is 80211 a prime number?
False
Is 6197 a prime number?
True
Is 38989 a composite number?
True
Is 787 a prime number?
True
Is 192737 composite?
False
Is 341681 prime?
True
Is 993 a composite number?
True
Is 367151 prime?
False
Is 858001 prime?
True
Is 1979 composite?
False
Is 295799 composite?
True
Is 331 a prime number?
True
Is 771 composite?
True
Is 64109 composite?
False
Is 23447 composite?
False
Is 448261 a composite number?
True
Is 12227 composite?
False
Is 789149 a prime number?
True
Is 312881 prime?
False
Is 1148311 prime?
True
Is 13649 a prime number?
True
Is 186671 a composite number?
False
Is 13361 prime?
False
Is 23507 prime?
False
Is 973517 a composite number?
True
Is 142697 prime?
True
Is 177589 composite?
False
Is 7069 composite?
False
Is 38993 a composite number?
False
Is 1039387 a composite number?
False
Is 278989 a composite number?
True
Is 7451 composite?
False
Is 184181 a prime number?
True
Is 512813 composite?
True
Is 13259 composite?
False
Is 737 a prime number?
False
Is 739 composite?
False
Is 475669 a composite number?
False
Is 912833 prime?
False
Is 111577 a prime number?
True
Is 1901 a composite number?
False
Is 22465 a composite number?
True
Is 202049 a composite number?
False
Is 1276413 a prime number?
False
Is 29413 composite?
True
Is 867599 a prime number?
False
Is 19799 composite?
True
Is 136943 composite?
False
Is 60017 a composite number?
False
Is 61211 a composite number?
False
Is 279781 composite?
True
Is 40233 composite?
True
Is 1423 prime?
True
Is 21427 composite?
True
Is 64123 a prime number?
True
Is 2869 a composite number?
True
Is 42457 prime?
True
Is 38543 a composite number?
False
Is 53231 prime?
True
Is 86399 composite?
False
Is 217849 prime?
True
Is 48973 composite?
False
Is 57417 prime?
False
Is 3959 composite?
True
Is 1361 prime?
True
Is 12197 composite?
False
Is 19783 prime?
False
Is 604489 a composite number?
True
Is 870467 prime?
False
Is 130327 a prime number?
False
Is 27941 a prime number?
True
Is 191 a composite number?
False
Is 18623 composite?
True
Is 8033 composite?
True
Is 2874437 a prime number?
True
Is 889 prime?
False
Is 38849 composite?
True
Is 322139 composite?
False
Is 171007 composite?
False
Is 293 composite?
False
Is 22531 prime?
True
Is 5091 a prime number?
False
Is 172847 a prime number?
False
Is 877181 a prime number?
True
Is 674 prime?
False
Is 6637 prime?
True
Is 8311 a composite number?
False
Is 14143 a composite number?
False
Is 1478 a composite number?
True
Is 4769 prime?
False
Is 2773391 composite?
False
Is 274013 composite?
True
Is 58715 prime?
False
Is 1364177 a prime number?
True
Is 5331 a prime number?
False
Is 10247 prime?
True
Is 1623 a composite number?
True
Is 340441 prime?
False
Is 21233 a prime number?
False
Is 53651 prime?
False
Is 10418 a prime number?
False
Is 144751 a prime number?
True
Is 858589 a prime number?
True
Is 13121 prime?
True
Is 6233 composite?
True
Is 1249 a composite number?
False
Is 855235 prime?
False
Is 44641 prime?
True
Is 413398 a composite number?
True
Is 3419 prime?
False
Is 22961 composite?
False
Is 497831 a prime number?
True
Is 89161 a prime number?
False
Is 311653 prime?
True
Is 112793 a prime number?
False
Is 228707 a prime number?
True
Is 32177 a prime number?
False
Is 630131 a composite number?
True
Is 1919271 a prime number?
False
Is 54737 composite?
True
Is 19937 a composite number?
False
Is 3073 prime?
False
Is 14635 prime?
False
Is 40909 a composite number?
True
Is 2206 a composite number?
True
Is 344507 prime?
False
Is 48651 a composite number?
True
Is 127103 composite?
False
Is 49139 a composite number?
False
Is 49727 composite?
False
Is 1101 a prime number?
False
Is 145931 a composite number?
False
Is 479365 prime?
False
Is 339991 composite?
False
Is 75953 prime?
False
Is 2391 composite?
True
Is 149123 a composite number?
True
Is 37166 composite?
True
Is 348649 composite?
True
Is 80403 composite?
True
Is 64817 prime?
True
Is 1151 a composite number?
False
Is 417643 a prime number?
True
Is 614927 composite?
False
Is 44753 a composite number?
False
Is 11777 a composite number?
False
Is 25739 a composite number?
True
Is 15769 a composite number?
True
Is 2743 a prime number?
False
Is 211399 a composite number?
True
Is 93407 prime?
True
Is 157223 prime?
False
Is 10183 prime?
False
Is 257173 prime?
False
Is 17769 a composite number?
True
Is 345146 prime?
False
Is 127763 a prime number?
True
Is 11657 a composite number?
False
Is 1213 composite?
False
Is 2575205 a composite number?
True
Is 138917 composite?
False
Is 4253 prime?
True
Is 821 a prime number?
True
Is 1847 composite?
False
Is 95701 prime?
True
Is 746719 prime?
False
Is 27173 a composite number?
True
Is 3227 prime?
False
Is 249211 a prime number?
True
Is 205467 a composite number?
True
Is 844483 composite?
False
Is 4835 a composite number?
True
Is 1903133 composite?
True
Is 44399 prime?
False
Is 38803 composite?
False
Is 1077 a prime number?
False
Is 5071343 composite?
False
Is 129671 a composite number?
False
Is 172147 a prime number?
True
Is 18329 prime?
True
Is 963019 prime?
True
Is 3591949 a prime number?
True
Is 256721 a composite number?
False
Is 500109 prime?
False
Is 384415 a prime number?
False
Is 70991 composite?
False
Is 89977 prime?
True
Is 3109 composite?
False
Is 54709 a composite number?
False
Is 404941 a composite number?
False
Is 218531 composite?
False
Is 15971 composite?
False
Is 15443 a composite number?
False
Is 922423 prime?
True
Is 47327 prime?
False
Is 42083 composite?
False
Is 18637 composite?
False
Is 33249 composite?
True
Is 5222923 composite?
False
Is 188173 prime?
False
Is 63033 a composite number?
True
Is 222571 a composite number?
True
Is 12403 a composite number?
True
Is 59741 prime?
False
Is 24437 a prime number?
False
Is 2579 composite?
False
Is 798949 a prime number?
False
Is 1537739 composite?
True
Is 38861 prime?
True
Is 1291 a composite number?
False
Is 553037 a composite number?
False
Is 334361 a composite number?
True
Is 66457 a prime number?
True
Is 29101 a prime number?
True
Is 2446805 prime?
False
Is 240083 composite?
True
Is 182117 composite?
True
Is 47577 a composite number?
True
Is 96337 a composite number?
False
Is 77093 a prime number?
True
Is 31477 composite?
False
Is 423923 a composite number?
True
Is 157783 a composite number?
True
Is 83597 prime?
True
Is 14597 a composite number?
True
Is 90053 a prime number?
True
Is 134497 composite?
True
Is 49303 composite?
True
Is 16561 composite?
False
Is 2865509 a prime number?
True
Is 143023 a prime number?
False
Is 621391 a prime number?
False
Is 21001 prime?
True
Is 75323 prime?
True
Is 31043 a prime number?
False
Is 10929 composite?
True
Is 163061 prime?
True
Is 7867 composite?
False
Is 3554 composite?
True
Is 1966699 a prime number?
False
Is 55565 a prime number?
False
Is 24029 a prime number?
True
Is 1214947 prime?
True
Is 53749 a composite number?
True
Is 3850811 a prime number?
True
Is 936617 prime?
False
Is 2669789 a composite number?
False
Is 1097 a prime number?
True
Is 5581 a composite number?
False
Is 15967 a prime number?
False
Is 97499 composite?
False
Is 127885 a composite number?
True
Is 581729 a prime number?
True
Is 399043 composite?
False
Is 55795 a prime number?
False
Is 3613 a prime number?
True
Is 3163 a prime number?
True
Is 6673 a prime number?
True
Is 2198443 composite?
True
Is 57115 a prime number?
False
Is 40093 prime?
True
Is 38593 a composite number?
False
Is 30019 prime?
False
Is 6823 a prime number?
True
Is 49727 composite?
False
Is 37729 prime?
False
Is 376351 composite?
False
Is 100829 composite?
False
Is 35401 composite?
False
Is 21557 a composite number?
False
Is 36655 composite?
True
Is 36997 a composite number?
False
Is 3961 prime?
False
Is 4054 a composite number?
True
Is 32641 a prime number?
False
Is 88289 a prime number?
True
Is 40841 a composite number?
False
Is 399073 composite?
True
Is 14503 composite?
False
Is 11138 composite?
True
Is 24646 a composite number?
True
Is 41999 prime?
True
Is 14414 a composite number?
T